{"id":1942,"date":"2023-08-10T15:27:04","date_gmt":"2023-08-10T18:27:04","guid":{"rendered":"https:\/\/eleicoes2023.caupb.gov.br\/?ajde_events=inicio-da-diplomacao-nos-cau-uf"},"modified":"2023-08-10T15:27:04","modified_gmt":"2023-08-10T18:27:04","slug":"inicio-da-diplomacao-nos-cau-uf","status":"publish","type":"ajde_events","link":"https:\/\/eleicoes2023.caupb.gov.br\/?ajde_events=inicio-da-diplomacao-nos-cau-uf","title":{"rendered":"In\u00edcio da diploma\u00e7\u00e3o nos CAU\/UF"},"content":{"rendered":"","protected":false},"author":0,"featured_media":0,"menu_order":0,"comment_status":"open","ping_status":"closed","template":"","meta":[],"tags":[],"event_type":[],"event_type_2":[],"acf":[],"_links":{"self":[{"href":"https:\/\/eleicoes2023.caupb.gov.br\/index.php?rest_route=\/wp\/v2\/ajde_events\/1942"}],"collection":[{"href":"https:\/\/eleicoes2023.caupb.gov.br\/index.php?rest_route=\/wp\/v2\/ajde_events"}],"about":[{"href":"https:\/\/eleicoes2023.caupb.gov.br\/index.php?rest_route=\/wp\/v2\/types\/ajde_events"}],"replies":[{"embeddable":true,"href":"https:\/\/eleicoes2023.caupb.gov.br\/index.php?rest_route=%2Fwp%2Fv2%2Fcomments&post=1942"}],"wp:attachment":[{"href":"https:\/\/eleicoes2023.caupb.gov.br\/index.php?rest_route=%2Fwp%2Fv2%2Fmedia&parent=1942"}],"wp:term":[{"taxonomy":"post_tag","embeddable":true,"href":"https:\/\/eleicoes2023.caupb.gov.br\/index.php?rest_route=%2Fwp%2Fv2%2Ftags&post=1942"},{"taxonomy":"event_type","embeddable":true,"href":"https:\/\/eleicoes2023.caupb.gov.br\/index.php?rest_route=%2Fwp%2Fv2%2Fevent_type&post=1942"},{"taxonomy":"event_type_2","embeddable":true,"href":"https:\/\/eleicoes2023.caupb.gov.br\/index.php?rest_route=%2Fwp%2Fv2%2Fevent_type_2&post=1942"}],"curies":[{"name":"wp","href":"https:\/\/api.w.org\/{rel}","templated":true}]}}

Início da diplomação nos CAU/UF
