{"id":965,"date":"2023-06-29T13:39:02","date_gmt":"2023-06-29T16:39:02","guid":{"rendered":"http:\/\/caupb.eleicoes2023.caubr.gov.br\/?page_id=965"},"modified":"2023-07-06T22:16:13","modified_gmt":"2023-07-07T01:16:13","slug":"diversidade-inclusao","status":"publish","type":"page","link":"https:\/\/eleicoes2023.caupb.gov.br\/?page_id=965","title":{"rendered":"Diversidade &#038; Inclus\u00e3o"},"content":{"rendered":"<p><b>Elei\u00e7\u00f5es para todas e todos:<\/b><span style=\"font-weight: 400;\"> As cotas de diversidade s\u00e3o um instrumento que visa garantir a participa\u00e7\u00e3o de grupos historicamente sub-representados na composi\u00e7\u00e3o das chapas eleitorais, como mulheres, pessoas negras, ind\u00edgenas, LGBTQIA+ e pessoas com defici\u00eancia.<\/span><\/p>\n<p><b>Mais vozes, mais perspectivas:<\/b><span style=\"font-weight: 400;\"> Ao promover a diversidade, buscamos uma representa\u00e7\u00e3o mais plural, capaz de refletir as diferentes realidades e experi\u00eancias presentes em nossa sociedade.<\/span><\/p>\n","protected":false},"excerpt":{"rendered":"<p>Elei\u00e7\u00f5es para todas e todos: As cotas de diversidade s\u00e3o um instrumento que visa garantir a participa\u00e7\u00e3o de grupos historicamente sub-representados na composi\u00e7\u00e3o das chapas eleitorais, como mulheres, pessoas negras, ind\u00edgenas, LGBTQIA+ e pessoas com defici\u00eancia. Mais vozes, mais perspectivas: Ao promover a diversidade, buscamos uma representa\u00e7\u00e3o mais plural, capaz de refletir as diferentes realidades [&hellip;]<\/p>\n","protected":false},"author":1,"featured_media":0,"parent":0,"menu_order":0,"comment_status":"closed","ping_status":"closed","template":"","meta":[],"acf":[],"_links":{"self":[{"href":"https:\/\/eleicoes2023.caupb.gov.br\/index.php?rest_route=\/wp\/v2\/pages\/965"}],"collection":[{"href":"https:\/\/eleicoes2023.caupb.gov.br\/index.php?rest_route=\/wp\/v2\/pages"}],"about":[{"href":"https:\/\/eleicoes2023.caupb.gov.br\/index.php?rest_route=\/wp\/v2\/types\/page"}],"author":[{"embeddable":true,"href":"https:\/\/eleicoes2023.caupb.gov.br\/index.php?rest_route=\/wp\/v2\/users\/1"}],"replies":[{"embeddable":true,"href":"https:\/\/eleicoes2023.caupb.gov.br\/index.php?rest_route=%2Fwp%2Fv2%2Fcomments&post=965"}],"version-history":[{"count":2,"href":"https:\/\/eleicoes2023.caupb.gov.br\/index.php?rest_route=\/wp\/v2\/pages\/965\/revisions"}],"predecessor-version":[{"id":1658,"href":"https:\/\/eleicoes2023.caupb.gov.br\/index.php?rest_route=\/wp\/v2\/pages\/965\/revisions\/1658"}],"wp:attachment":[{"href":"https:\/\/eleicoes2023.caupb.gov.br\/index.php?rest_route=%2Fwp%2Fv2%2Fmedia&parent=965"}],"curies":[{"name":"wp","href":"https:\/\/api.w.org\/{rel}","templated":true}]}}